?
27
Let b = 3 + -1. What is the remainder when 41 is divided by (-9)/(-6) + 25/b?
13
Let a(w) = -w + 10. Calculate the remainder when 2 is divided by a(9).
0
Suppose -2*j - 2*h = -36, 4*j + 11 = 2*h + 59. Calculate the remainder when 52 is divided by j.
10
Let w be (-2 - -6)*62/4. Let s be w + 2 - 2 - -3. Calculate the remainder when 51 is divided by (s/10)/(1/2).
12
Suppose 32 = -3*b - 2*y, 5*y = -0*y - 20. Let h = b + 15. Calculate the remainder when h is divided by 3.
1
Let u = 68 - 48. What is the remainder when u is divided by 11?
9
Let g = -59 - -125. Suppose q = 1 + g. Calculate the remainder when q is divided by 23.
21
Suppose -121*u + 218 = -119*u. Calculate the remainder when u is divided by 14.
11
Let g be 3/9 + (-52)/(-6). Let f = 18 - g. Calculate the remainder when 25 is divided by f.
7
Suppose 0 = 4*k - 4*i + 1 + 3, 0 = -4*k + 5*i - 5. Suppose 2*r = -k*r + 28. Calculate the remainder when 27 is divided by r.
13
Let l(s) = 12*s + 2. Let c = -30 - -43. Calculate the remainder when l(3) is divided by c.
12
Let t(x) = 33*x**3 + x. What is the remainder when t(1) is divided by 9?
7
Suppose -15*v + 17*v = 28. Suppose -4*y + 9*y = -2*n + 63, v = n - y. Calculate the remainder when n is divided by 11.
8
Suppose 4*u + 1 - 9 = 0. Calculate the remainder when u is divided by 2.
0
Suppose 3*p = 2*p + 8. Suppose -2*u = -p, 64 = a + a + 4*u. What is the remainder when a is divided by 13?
11
Let h(o) = 5*o + 3. Suppose 0 = -q + 14 + 10. Let f = q - 15. Calculate the remainder when h(6) is divided by f.
6
Suppose -3*p = -47 - 4. Suppose q = -5*m + 11 + 9, 3*q = 3*m - 30. What is the remainder when p is divided by m?
2
Suppose 0 = 4*t + t - 345. Calculate the remainder when t is divided by 18.
15
Suppose -5 = -3*m + 2*m. Suppose -m*t + 12 = p, -3*p + 0 = -4*t + 2. Suppose 0 = -p*r + 8, 3*r - r + 7 = 3*s. Calculate the remainder when s is divided by 2.
1
Let s(w) = 28*w - 23. Calculate the remainder when 241 is divided by s(3).
58
Let x(b) = -9*b**3. Suppose -4*y = y + 5. What is the remainder when x(y) is divided by 3?
0
Let b = -16 - -27. What is the remainder when (-492)/(-36)*(2 + 1) is divided by b?
8
Let m = -12 + 113. Calculate the remainder when m is divided by 26.
23
Let g(s) = 2*s**2 + 2*s + 1. Let y be g(-2). Suppose -y*r + r = -8. What is the remainder when 5 is divided by r?
1
Let a(n) = -n**3 - 4*n**2 - 5*n - 2. Calculate the remainder when 2 + -3 - -13 - -1 is divided by a(-3).
1
Let x be 4/14 + 24/14. Let w(n) = 4*n**x - 7 - 2 - 3*n**2 + 4*n. What is the remainder when 22 is divided by w(-7)?
10
Let v = 36 - 57. Let c = -8 + 18. What is the remainder when 131/7 - 6/v is divided by c?
9
Suppose 0 = -2*u + 4*m + 22, -3*m + 4 = 2*u + 2*m. Calculate the remainder when 13 is divided by u.
6
Suppose 0*n = -3*n. What is the remainder when -2*(-26)/4 - n is divided by 10*2/8*2?
3
Let g = 73 + -65. What is the remainder when 13 is divided by g?
5
Suppose 0 = -4*m - 2*l + 102, m = 6*l - l + 42. Suppose -5*f + m + 48 = 0. Let s = 12 + 17. What is the remainder when s is divided by f?
14
Calculate the remainder when 1 - 2/((-2)/(-28)*-2) is divided by 3.
0
Let k(i) = 4*i**2 - i - 1. Let c = -12 + 44. What is the remainder when c is divided by k(-2)?
15
Suppose 3*z = 2*j - 134, 0*j + 2*j - 122 = -3*z. Suppose -9 + 119 = 5*o. What is the remainder when j is divided by o?
20
Let v(f) = -2*f + 16. Let q be (3 - 3) + (-4 - 1). Calculate the remainder when v(q) is divided by 15.
11
Let m(v) = 10*v - 10 - 2*v**2 + v**2 + 2. What is the remainder when 49 is divided by m(7)?
10
Let y be (-2 + (-2)/(-2))*-17. Suppose -3*r - 15 = v - 2*v, 0 = 5*r + v + y. Let s(h) = -h**2 - 4*h + 4. What is the remainder when 7 is divided by s(r)?
3
Suppose 2*d + 4*u = -d + 20, 0 = 5*d - 4*u - 44. What is the remainder when 34 + 0 - 69/23 is divided by d?
7
Let c = -15 - -46. Calculate the remainder when 91 is divided by c.
29
Suppose 3*r - 2*d = 8*r - 28, -4*d - 4 = 0. What is the remainder when 22 is divided by r?
4
Let j(a) = 5*a + 7. What is the remainder when j(8) is divided by 13?
8
Let j(d) = -15*d - 12. Let i(t) = t**2 + 3*t + 3. What is the remainder when j(-4) is divided by i(-5)?
9
Suppose -19 = -2*n - z, -n - 4*z = 1 - 0. Let j = 23 - n. What is the remainder when j is divided by 7?
5
Let a(j) be the first derivative of -j**2/2 + 9*j - 4. What is the remainder when 29 is divided by a(-7)?
13
Suppose -3*x = p - 5*p - 31, 5*p + 25 = x. Suppose -2*l - 3 = -21. Calculate the remainder when l is divided by x.
4
Let c = 18 + -12. Let z(m) = -m - 5. Let d be z(-8). Suppose -p - 32 = -d*p. What is the remainder when p is divided by c?
4
Let o = 90 - 53. Calculate the remainder when o is divided by 5.
2
Let c = -16 - -9. Let r = 17 + c. Suppose -r = 5*m, -2*w - 5*m + 4 + 18 = 0. Calculate the remainder when 46 is divided by w.
14
Let f = 11 - 11. Suppose f*v = 4*v - 32. Calculate the remainder when 31 is divided by v.
7
Suppose -x - 5 = -25. What is the remainder when 59 is divided by x?
19
Suppose -m + 14 + 8 = 0. Let b(g) = 4*g - 27. What is the remainder when b(17) is divided by m?
19
Suppose 5*p - 14 = 3*f + 99, -p - 3*f = -19. What is the remainder when 128 is divided by p?
18
Suppose -3 = w - 3*w + 5*y, -4*w = -2*y - 14. What is the remainder when w is divided by 3?
1
Suppose -2*s - 2*v = -38, 5*s = -4*v + 3*v + 103. Let u = 2 - 16. Let l = 22 + u. Calculate the remainder when s is divided by l.
5
Let k(f) = -2*f**3 + 5*f + 5. What is the remainder when 34 is divided by k(-2)?
1
Suppose -27 = -9*g + 18. Calculate the remainder when g is divided by 1.
0
Let l = 19 + 20. Calculate the remainder when l is divided by 21.
18
Let f = 32 + -10. Suppose 0 = -3*j + 7*j - 32. Calculate the remainder when f is divided by j.
6
Let f = 4 + 56. Suppose -3*g = -2*l - l - 66, 5*g - 108 = 3*l. What is the remainder when f is divided by g?
18
Let m(d) = d**3 + 7*d**2 + 5*d + 7. What is the remainder when ((-15)/6)/((-2)/20) is divided by m(-6)?
12
Let i(d) = d**2 + 4*d + 2. Calculate the remainder when i(-5) is divided by 5.
2
Suppose -5 = 5*r - 2*a - 80, -2*r - a + 39 = 0. What is the remainder when r is divided by 10?
7
Suppose -2*j + 3*j - 6 = 0. Calculate the remainder when 5 is divided by (0 + 2)*9/j.
2
Let r = 9 - -3. What is the remainder when 32 is divided by r?
8
Let w(k) = k**3 - 16*k**2 + 16*k - 13. Calculate the remainder when 7 is divided by w(15).
1
Suppose 12 = -4*k - 60. What is the remainder when 21 is divided by (-12)/k + 34/3?
9
Let b(y) = -y**2 - 13*y - 21. What is the remainder when 74 is divided by b(-9)?
14
Let q = -14 + 25. Suppose 0 = 4*w - 3 + q. Calculate the remainder when 42/((-4)/w) - 1 is divided by 7.
6
Let c(j) = -4*j. Suppose 19*w = -4*x + 15*w + 108, -w = -4*x + 118. Calculate the remainder when x is divided by c(-2).
5
Suppose 38*o - 35*o = 54. What is the remainder when 67 is divided by o?
13
Let k = -4 + 6. Suppose k = 3*i + 8. Calculate the remainder when 19 is divided by 2*(0 + (-7)/i).
5
What is the remainder when 16 is divided by 70/15 + 1/3?
1
Suppose 3*u - u = -8, 25 = -3*t - 4*u. Let w = 2 + t. Calculate the remainder when (-23 + -3)*w/2 is divided by 5.
3
Let l(i) = -i**3 + 12*i**2 - 4*i + 4. What is the remainder when l(5) is divided by 40?
39
Let z(s) = -12*s - 2. Suppose -3*y + 6*y = 3*v - 6, 2*v - 4*y = 10. What is the remainder when 18 is divided by z(v)?
8
Let f(p) = -28*p + 8. Let r(t) = -27*t + 7. Let w(l) = 6*f(l) - 7*r(l). Calculate the remainder when 59 is divided by w(1).
19
Suppose -s - 20 = -5*v + 2*s, 3*v - 3*s - 12 = 0. Calculate the remainder when 16 is divided by v.
0
Let i(a) = a**2 + 8*a + 41. Calculate the remainder when 81 is divided by i(-6).
23
Let c = 181 - 97. Suppose -8*f + 20 = -4*f. Suppose c = f*w - 76. Calculate the remainder when w is divided by 11.
10
Let u(x) = -3*x**3 - x**2 - 9*x - 1. Let s(y) = 2*y**3 + y**2 + 5*y. Let l(h) = 5*s(h) + 3*u(h). Calculate the remainder when l(3) is divided by 13.
10
Let q(a) = -a**3 + 7*a**2 + 2*a - 5. Suppose x - 2*x - 36 = 0. Let b = x + 53. What is the remainder when b is divided by q(7)?
8
Let s(a) = a**3 - 29*a**2 + 28*a + 4. Calculate the remainder when s(28) is divided by 4.
0
Let d = -6 - -12. Let l = 1 + d. What is the remainder when 27 is divided by l